{"id":26,"date":"2021-04-04T21:28:32","date_gmt":"2021-04-04T19:28:32","guid":{"rendered":"https:\/\/anna.giralt.cat\/?page_id=26"},"modified":"2021-04-05T23:54:02","modified_gmt":"2021-04-05T21:54:02","slug":"quant-a","status":"publish","type":"page","link":"https:\/\/anna.giralt.cat\/?page_id=26","title":{"rendered":"Quant a"},"content":{"rendered":"\n<figure class=\"wp-block-image size-large is-resized is-style-default\"><img loading=\"lazy\" decoding=\"async\" src=\"https:\/\/anna.giralt.cat\/wp-content\/uploads\/2021\/04\/Perfil.jpg\" alt=\"\" class=\"wp-image-98\" width=\"160\" height=\"223\"\/><\/figure>\n\n\n\n<p style=\"line-height:2\">S\u00f3c l&#8217;Anna Giralt, docent del CFGM en Farm\u00e0cia i Parafarm\u00e0cia.<\/p>\n\n\n\n<p>Graduada en Farm\u00e0cia des del 2016, vaig realitzar el M\u00e0ster en Formaci\u00f3 del professorat d&#8217;ESO i Batxillerat, formaci\u00f3 professional i ensenyament d&#8217;idiomes l&#8217;any 2017. Tamb\u00e9 he cursat un postgrau en Psiconeuroimmunologia Cl\u00ednica, el qual vaig finalitzar el 2019.<\/p>\n","protected":false},"excerpt":{"rendered":"<p>S\u00f3c l&#8217;Anna Giralt, docent del CFGM en Farm\u00e0cia i Parafarm\u00e0cia. Graduada en Farm\u00e0cia des del 2016, vaig realitzar el M\u00e0ster en Formaci\u00f3 del professorat d&#8217;ESO i Batxillerat, formaci\u00f3 professional i ensenyament d&#8217;idiomes l&#8217;any 2017. Tamb\u00e9 he cursat un postgrau en Psiconeuroimmunologia Cl\u00ednica, el qual vaig finalitzar el 2019.<\/p>\n","protected":false},"author":1,"featured_media":0,"parent":0,"menu_order":0,"comment_status":"closed","ping_status":"closed","template":"","meta":{"footnotes":""},"class_list":["post-26","page","type-page","status-publish","hentry"],"_links":{"self":[{"href":"https:\/\/anna.giralt.cat\/index.php?rest_route=\/wp\/v2\/pages\/26","targetHints":{"allow":["GET"]}}],"collection":[{"href":"https:\/\/anna.giralt.cat\/index.php?rest_route=\/wp\/v2\/pages"}],"about":[{"href":"https:\/\/anna.giralt.cat\/index.php?rest_route=\/wp\/v2\/types\/page"}],"author":[{"embeddable":true,"href":"https:\/\/anna.giralt.cat\/index.php?rest_route=\/wp\/v2\/users\/1"}],"replies":[{"embeddable":true,"href":"https:\/\/anna.giralt.cat\/index.php?rest_route=%2Fwp%2Fv2%2Fcomments&post=26"}],"version-history":[{"count":5,"href":"https:\/\/anna.giralt.cat\/index.php?rest_route=\/wp\/v2\/pages\/26\/revisions"}],"predecessor-version":[{"id":102,"href":"https:\/\/anna.giralt.cat\/index.php?rest_route=\/wp\/v2\/pages\/26\/revisions\/102"}],"wp:attachment":[{"href":"https:\/\/anna.giralt.cat\/index.php?rest_route=%2Fwp%2Fv2%2Fmedia&parent=26"}],"curies":[{"name":"wp","href":"https:\/\/api.w.org\/{rel}","templated":true}]}}